culate l(3).
-5
Let f(d) = -4*d**3 + 52*d**2 - 33*d - 33. What is f(11)?
572
Let g(l) = -5044*l - 1523338. Determine g(-302).
-50
Let p(a) = -964560*a - 2893661. What is p(-3)?
19
Let t(f) = 4844*f**2 + 9825*f + 277. Determine t(-2).
3
Let x(b) = 228*b + 56259. Give x(-247).
-57
Let z(p) = 150*p - 10924. Give z(72).
-124
Let i(u) = -u**3 + 51*u**2 + 18*u + 2073. Give i(51).
2991
Let m(p) = -20*p**2 + 908*p + 627. Determine m(46).
75
Let q(v) = 28930*v - 694319. Give q(24).
1
Let x(i) = i**2 + 182*i - 17033. Calculate x(-250).
-33
Let o(a) = -5*a**3 + 3353*a**2 + 1317*a + 16775. Determine o(671).
0
Let n(u) = 5638*u + 50683. Determine n(-9).
-59
Let p(y) = y**3 + 28*y**2 + 42*y + 8. Give p(-2).
28
Let z(x) = x**2 - 125*x - 4205. Give z(-26).
-279
Let n(c) = -66504*c - 532034. Determine n(-8).
-2
Let r(z) = -z**3 - 6*z**2 - 8*z - 99. Determine r(-9).
216
Let l(q) = -2*q**3 - 156*q**2 - 13*q - 1176. Give l(-78).
-162
Let w(g) = 14*g**3 + 866*g**2 - 142*g - 1131. What is w(-62)?
-15
Let c(q) = -57*q**2 - 276*q - 223. Calculate c(-10).
-3163
Let d(g) = -17*g**2 - 316*g + 11. What is d(-19)?
-122
Let x(i) = -i**2 - 191*i - 10932. Calculate x(-110).
-2022
Let t(z) = -z**3 + 583*z**2 - 2365*z + 28419. Calculate t(579).
48
Let i(o) = -16*o**2 + 1188*o - 9. Calculate i(74).
287
Let k(h) = 37*h**2 + 897*h + 4561. Calculate k(-17).
5
Let d(z) = z**2 - 171*z + 7336. What is d(87)?
28
Let p(u) = -194*u**3 + 988*u + 989. What is p(-1)?
195
Let l(h) = 6*h**2 - 845*h - 5159. Calculate l(-6).
127
Let z(r) = -7*r**2 + 105*r + 1589. What is z(-13)?
-959
Let o(h) = 2*h**2 - 17660*h + 895456. Give o(51).
-2
Let j(w) = -3*w**3 + 421*w**2 + 4345*w + 758. What is j(150)?
8
Let f(w) = 723*w**2 - 823*w + 88. Determine f(1).
-12
Let k(l) = 2*l**3 - 65*l**2 + 130*l + 576. Determine k(30).
-24
Let c(u) = -13383*u - 1150929. Calculate c(-86).
9
Let i(x) = 1649*x - 66841. Give i(39).
-2530
Let z(m) = -m**2 + 1225*m + 54521. Determine z(-43).
-3
Let n(b) = b**3 + 359*b**2 + 135*b + 48449. Give n(-359).
-16
Let k(r) = r**3 + 31*r**2 + 13*r - 434. Give k(-30).
76
Let r(t) = 1605*t + 154374. What is r(-96)?
294
Let h(p) = 8*p + 1260. Give h(147).
2436
Let p(w) = -w**2 - 946*w - 24833. Give p(-27).
-20
Let i(h) = -8*h**3 + 61*h**2 + 907*h - 331. Calculate i(15).
-1
Let g(b) = -8600*b**2 + 85999*b + 11. Give g(10).
1
Let r(i) = 19768*i - 39288. What is r(2)?
248
Let v(i) = -i**3 + 7*i**2 + 81*i - 10. Determine v(12).
242
Let f(t) = 21655*t - 8748616. Calculate f(404).
4
Let c(q) = -q**3 + 19*q**2 - 55*q + 25. Give c(10).
375
Let t(l) = 1194*l + 11947. What is t(-10)?
7
Let z(c) = 8*c**3 - c**2 + 117*c - 351. What is z(3)?
207
Let r(c) = -164914*c + 2143882. Determine r(13).
0
Let g(c) = -7*c**2 + 24151*c - 264816. Give g(11).
-2
Let v(l) = l**2 - 247*l - 262979. Determine v(651).
25
Let d(p) = -357*p + 374. Determine d(3).
-697
Let r(a) = -15896*a - 381465. Calculate r(-24).
39
Let c(t) = 12128*t + 25. Determine c(0).
25
Let v(t) = -t**3 - 9*t**2 + 676*t - 290. Calculate v(-31).
-104
Let m(i) = 1056*i - 15513. Calculate m(15).
327
Let x(a) = -5405*a - 43220. Calculate x(-8).
20
Let n(q) = 533*q + 2692. Give n(-4).
560
Let b(z) = 2*z**2 + 1107*z + 15115. Give b(-14).
9
Let j(g) = 28802*g + 57669. Give j(-2).
65
Let p(i) = -1797*i**2 + 9490*i - 8. Give p(6).
-7760
Let v(t) = 1344*t - 248259. Calculate v(186).
1725
Let o(l) = -l**3 - 206*l**2 + 852*l + 667. Give o(-210).
-1853
Let v(n) = 4*n**3 - 32*n**2 - 202*n + 1490. Determine v(8).
-126
Let n(w) = -2742*w - 84559. Calculate n(-31).
443
Let j(q) = q**2 + 683*q + 48821. Determine j(-81).
59
Let o(g) = 3375*g - 334094. Calculate o(99).
31
Let p(t) = 143*t**2 - 182*t + 48. What is p(1)?
9
Let j(s) = 47*s**3 - 15228*s**2 - 50. Give j(324).
-50
Let o(u) = -2228*u + 9872. Determine o(4).
960
Let y(i) = -25*i**2 - 202*i - 726. Determine y(-4).
-318
Let x(w) = -65*w + 914. What is x(12)?
134
Let v(z) = 22838*z - 616656. Calculate v(27).
-30
Let o(m) = 26122*m - 4022782. What is o(154)?
6
Let g(u) = 3*u**3 + 388*u**2 + 6828*u + 53. What is g(-21)?
-10
Let y(g) = -g**3 + 10*g**2 - 30*g - 1. Calculate y(3).
-28
Let l(o) = -o**3 + 320*o**2 - 14*o - 97298. What is l(319)?
-3
Let k(f) = -1075*f - 201157. What is k(-187)?
-132
Let t(i) = 7*i**2 - 126*i - 2355. Determine t(-16).
1453
Let t(v) = -24*v**2 + 3313*v + 68. What is t(138)?
206
Let v(m) = 6*m**2 + 524*m - 8361. What is v(14)?
151
Let t(u) = u**3 - 32*u**2 - 285*u + 717. What is t(-9)?
-39
Let c(g) = g**3 - 150*g**2 - 1268*g + 549. Give c(158).
-83
Let i(v) = 16737*v**2 + 50212*v - 3. Give i(-3).
-6
Let f(x) = -4173*x - 25105. Calculate f(-6).
-67
Let c(i) = -5900*i - 648830. Give c(-110).
170
Let a(s) = 5*s**3 - 14*s**2 - 1597*s + 4783. Determine a(3).
1
Let b(d) = 68*d + 4445. Determine b(-65).
25
Let y(j) = 5044*j - 822210. What is y(163)?
-38
Let r(f) = -2*f**2 - 18*f + 2762. What is r(-29)?
1602
Let k(z) = z**3 - z**2 - 21*z - 234. What is k(8)?
46
Let a(o) = 2*o**3 - 93*o**2 + 68*o - 999. Give a(46).
13
Let t(a) = -a**2 - 143*a + 10195. Give t(-195).
55
Let a(w) = -3*w**3 + 345*w**2 - 1878*w + 97443. Calculate a(112).
3
Let v(k) = -k**3 - 15*k**2 + 10*k + 54. What is v(-13)?
-414
Let u(z) = 17254*z - 206934. Calculate u(12).
114
Let b(z) = -3488*z + 2881. Give b(1).
-607
Let y(k) = -k**3 - 31*k**2 + 188*k + 311. Give y(-36).
23
Let v(y) = y**3 + 128*y**2 - 2327*y - 2977. Determine v(-144).
335
Let l(c) = 239*c**2 - 101*c - 74. Determine l(2).
680
Let m(z) = -546*z**2 - 137*z - 138. Give m(-1).
-547
Let t(i) = i**3 + 30*i**2 + 59*i + 319. What is t(-28)?
235
Let o(r) = -8*r**2 - 11020*r - 1216299. Give o(-121).
-7
Let d(w) = -2*w**3 + 205*w**2 + 294*w + 1888. Give d(104).
16
Let s(t) = -5*t**3 + 9*t**2 - 155*t + 477. What is s(4)?
-319
Let b(v) = -7*v**3 - 35*v**2 - 87*v - 141. Calculate b(-3).
-6
Let f(a) = -42300*a - 12266996. Give f(-290).
4
Let s(a) = -a**3 - 667*a**2 - 36965*a + 41. Calculate s(-61).
-20
Let y(n) = -2*n**3 - 9*n**2 - 51*n - 200. Calculate y(-11).
1934
Let c(m) = m**2 - 2137287*m - 8549156. Determine c(-4).
8
Let j(i) = 423*i - 162634. Calculate j(385).
221
Let l(u) = -72*u**2 + 1717*u - 1722. What is l(1)?
-77
Let r(d) = -8*d**2 - 449*d - 381. Calculate r(-55).
114
Let n(f) = -f**3 - 7*f**2 + 545*f + 4304. What is n(-8)?
8
Let h(o) = 64992*o - 12348499. Calculate h(190).
-19
Let u(y) = -2039*y - 83763. Determine u(-41).
-164
Let w(j) = j**3 + 100*j**2 + 2325*j - 1200. Give w(-38).
-22
Let h(u) = -82*u**2 + 146*u - 550. Give h(4).
-1278
Let f(j) = 2981*j - 295094. What is f(99)?
25
Let s(p) = -p**3 + 16*p**2 + 547*p - 8796. What is s(17)?
214
Let w(l) = l**3 - 2*l**2 + 3533*l - 28655. Calculate w(8).
-7
Let j(n) = 258*n - 4736. What is j(19)?
166
Let h(r) = -21*r**2 + 16476*r - 5. Determine h(0).
-5
Let f(z) = z**2 - 13*z - 4433. Determine f(70).
-443
Let y(o) = -21523*o - 774828. What is y(-36)?
0
Let z(g) = 22*g**2 + 630*g + 79. What is z(-29)?
311
Let l(q) = 2510*q + 50640. Determine l(-20).
440
Let a(u) = -108*u**3 - 543*u**2 - 17*u - 24. What is a(-5)?
-14
Let i(x) = 325*x**2 - 5200*x - 22. Determine i(16).
-22
Let f(z) = -2710*z**2 - 277*z - 275. Give f(-1).
-2708
Let y(p) = -p**3 - 62*p**2 + 309*p + 14. What is y(5)?
-116
Let n(w) = 146398*w - 1171191. Calculate n(8).
-7
Let i(b) = 132441*b + 4767864. Give i(-36).
-12
Let h(x) = 19*x**2 + 1193*x - 5073. Give h(4).
3
Let w(j) = -1507*j - 60285. What is w(-40)?
-5
Let o(h) = -h**3 - 15*h**2 + 219*h + 31. Determine o(9).
58
Let p(o) = o**2 + 11*o - 927. Determine p(-36).
-27
Let d(v) = -v**3 + 151*v**2 + 158*v - 824. What is d(152)?
88
Let d(t) = 4900*t + 548805. Give d(-112).
5
Let c(d) = d**2 - 2431524*d - 17020714. Calculate c(-7).
3
Let v(k) = -4*k**3 - 4*k**2 + 356*k + 1766. Give v(-5).
386
Let z(q) = 2*q**3 + 10*q**2 + 2551*q + 10186. Calculate z(-4).
14
Let u(w) = w**3 - 25*w**2 + 176*w + 9. Give u(8).
329
Let d(b) = b**3 - 47*b**2 + 728*b - 31041. Calculate d(46).
331
Let n(q) = q**2 - 1169*q - 126870. Give n(1269).
30
Let i(r) = 4*r**2 + 149*r - 3505. What is i(-53)?
-166
Let m(j) = -9650*j + 57576. Determine m(6).
-324
Let x(r) = 4*r**3 - 299*r**2 - 71*r - 321. Give x(75).
-21
Let a(p) = -55925*p - 167810. What is a(-3)?
-35
Let t(g) = -18*g**2 - 854*g + 6861. Give t(7).
1
Let f(p) = p**3 - 31